{"id":1600,"date":"2016-09-01T08:43:41","date_gmt":"2016-09-01T08:43:41","guid":{"rendered":"http:\/\/simple-sidewalk.flywheelsites.com\/fr\/?page_id=1600"},"modified":"2016-09-01T08:43:41","modified_gmt":"2016-09-01T08:43:41","slug":"levee-de-fonds-1982-1985","status":"publish","type":"page","link":"https:\/\/jubilationchoir.com\/fr\/choeur\/implication-social\/levee-de-fonds-1982-1985\/","title":{"rendered":"Lev\u00e9e de fonds 1982-1985"},"content":{"rendered":"<p>Plusieurs concerts et \u00e9v\u00e9nements pour l&#8217;\u00c9glise Union United Church, Montreal<\/p>\n","protected":false},"excerpt":{"rendered":"<p>Plusieurs concerts et \u00e9v\u00e9nements pour l&#8217;\u00c9glise Union United Church, Montreal<\/p>\n","protected":false},"author":4,"featured_media":0,"parent":1610,"menu_order":4,"comment_status":"closed","ping_status":"closed","template":"template-page.php","meta":{"_acf_changed":false,"footnotes":""},"class_list":["post-1600","page","type-page","status-publish","hentry"],"acf":[],"_links":{"self":[{"href":"https:\/\/jubilationchoir.com\/fr\/wp-json\/wp\/v2\/pages\/1600\/"}],"collection":[{"href":"https:\/\/jubilationchoir.com\/fr\/wp-json\/wp\/v2\/pages\/"}],"about":[{"href":"https:\/\/jubilationchoir.com\/fr\/wp-json\/wp\/v2\/types\/page\/"}],"author":[{"embeddable":true,"href":"https:\/\/jubilationchoir.com\/fr\/wp-json\/wp\/v2\/users\/4\/"}],"replies":[{"embeddable":true,"href":"https:\/\/jubilationchoir.com\/fr\/wp-json\/wp\/v2\/comments\/?post=1600"}],"version-history":[{"count":0,"href":"https:\/\/jubilationchoir.com\/fr\/wp-json\/wp\/v2\/pages\/1600\/revisions\/"}],"up":[{"embeddable":true,"href":"https:\/\/jubilationchoir.com\/fr\/wp-json\/wp\/v2\/pages\/1610\/"}],"wp:attachment":[{"href":"https:\/\/jubilationchoir.com\/fr\/wp-json\/wp\/v2\/media\/?parent=1600"}],"curies":[{"name":"wp","href":"https:\/\/api.w.org\/{rel}","templated":true}]}}

Levée de fonds 1982-1985

<p>Plusieurs concerts et événements pour l&#8217;Église Union United Church, Montreal</p>
