{"id":1679,"date":"2016-09-07T15:12:05","date_gmt":"2016-09-07T15:12:05","guid":{"rendered":"http:\/\/simple-sidewalk.flywheelsites.com\/fr\/?page_id=1679"},"modified":"2016-09-07T15:12:05","modified_gmt":"2016-09-07T15:12:05","slug":"levee-de-fonds-1988","status":"publish","type":"page","link":"https:\/\/jubilationchoir.com\/fr\/choeur\/implication-social\/levee-de-fonds-1988\/","title":{"rendered":"Lev\u00e9e de fonds 1988"},"content":{"rendered":"<p>D\u00e9cembre<\/p>\n<p>    * CFCF Television&#8217;s &#8220;Telethon of Stars&#8221; avec les Richardsons afin de lever des fonds pour les deux hopitaux pour enfants de Montreal<\/p>\n<p>Avril<\/p>\n<p>    * Concert b\u00e9n\u00e9fice pour l&#8217;\u00c9glise Trinity St. Andrews Church \u00e0 Renfrew, Ontario<\/p>\n","protected":false},"excerpt":{"rendered":"<p>D\u00e9cembre * CFCF Television&#8217;s &#8220;Telethon of Stars&#8221; avec les Richardsons afin de lever des fonds pour les deux hopitaux pour enfants de Montreal Avril * Concert b\u00e9n\u00e9fice pour l&#8217;\u00c9glise Trinity St. Andrews Church \u00e0 Renfrew, Ontario<\/p>\n","protected":false},"author":6,"featured_media":0,"parent":1610,"menu_order":0,"comment_status":"closed","ping_status":"closed","template":"template-page.php","meta":{"_acf_changed":false,"footnotes":""},"class_list":["post-1679","page","type-page","status-publish","hentry"],"acf":[],"_links":{"self":[{"href":"https:\/\/jubilationchoir.com\/fr\/wp-json\/wp\/v2\/pages\/1679\/"}],"collection":[{"href":"https:\/\/jubilationchoir.com\/fr\/wp-json\/wp\/v2\/pages\/"}],"about":[{"href":"https:\/\/jubilationchoir.com\/fr\/wp-json\/wp\/v2\/types\/page\/"}],"author":[{"embeddable":true,"href":"https:\/\/jubilationchoir.com\/fr\/wp-json\/wp\/v2\/users\/6\/"}],"replies":[{"embeddable":true,"href":"https:\/\/jubilationchoir.com\/fr\/wp-json\/wp\/v2\/comments\/?post=1679"}],"version-history":[{"count":0,"href":"https:\/\/jubilationchoir.com\/fr\/wp-json\/wp\/v2\/pages\/1679\/revisions\/"}],"up":[{"embeddable":true,"href":"https:\/\/jubilationchoir.com\/fr\/wp-json\/wp\/v2\/pages\/1610\/"}],"wp:attachment":[{"href":"https:\/\/jubilationchoir.com\/fr\/wp-json\/wp\/v2\/media\/?parent=1679"}],"curies":[{"name":"wp","href":"https:\/\/api.w.org\/{rel}","templated":true}]}}

Levée de fonds 1988

<p>Décembre</p>
<p>    * CFCF Television&#8217;s &#8220;Telethon of Stars&#8221; avec les Richardsons afin de lever des fonds pour les deux hopitaux pour enfants de Montreal</p>
<p>Avril</p>
<p>    * Concert bénéfice pour l&#8217;Église Trinity St. Andrews Church à Renfrew, Ontario</p>

<p>Décembre * CFCF Television&#8217;s &#8220;Telethon of Stars&#8221; avec les Richardsons afin de lever des fonds pour les deux hopitaux pour enfants de Montreal Avril * Concert bénéfice pour l&#8217;Église Trinity St. Andrews Church à Renfrew, Ontario</p>
