{"id":1689,"date":"2016-09-07T15:15:02","date_gmt":"2016-09-07T15:15:02","guid":{"rendered":"http:\/\/simple-sidewalk.flywheelsites.com\/fr\/?page_id=1689"},"modified":"2016-09-07T15:15:02","modified_gmt":"2016-09-07T15:15:02","slug":"levee-de-fonds-1991","status":"publish","type":"page","link":"https:\/\/jubilationchoir.com\/fr\/choeur\/implication-social\/levee-de-fonds-1991\/","title":{"rendered":"Lev\u00e9e de fonds 1991"},"content":{"rendered":"<p>Avril<\/p>\n<p>    * Concert b\u00e9n\u00e9fice \u00e0 Orangeville, Ontario pour le Trillium Montessori school, fournissant une approche alternative en \u00e9ducation, avec l&#8217;emphase sur le d\u00e9veloppement de la jeunesse en tant qu&#8217;individu.<\/p>\n","protected":false},"excerpt":{"rendered":"<p>Avril * Concert b\u00e9n\u00e9fice \u00e0 Orangeville, Ontario pour le Trillium Montessori school, fournissant une approche alternative en \u00e9ducation, avec l&#8217;emphase sur le d\u00e9veloppement de la jeunesse en tant qu&#8217;individu.<\/p>\n","protected":false},"author":6,"featured_media":0,"parent":1610,"menu_order":0,"comment_status":"closed","ping_status":"closed","template":"template-page.php","meta":{"_acf_changed":false,"footnotes":""},"class_list":["post-1689","page","type-page","status-publish","hentry"],"acf":[],"_links":{"self":[{"href":"https:\/\/jubilationchoir.com\/fr\/wp-json\/wp\/v2\/pages\/1689\/"}],"collection":[{"href":"https:\/\/jubilationchoir.com\/fr\/wp-json\/wp\/v2\/pages\/"}],"about":[{"href":"https:\/\/jubilationchoir.com\/fr\/wp-json\/wp\/v2\/types\/page\/"}],"author":[{"embeddable":true,"href":"https:\/\/jubilationchoir.com\/fr\/wp-json\/wp\/v2\/users\/6\/"}],"replies":[{"embeddable":true,"href":"https:\/\/jubilationchoir.com\/fr\/wp-json\/wp\/v2\/comments\/?post=1689"}],"version-history":[{"count":0,"href":"https:\/\/jubilationchoir.com\/fr\/wp-json\/wp\/v2\/pages\/1689\/revisions\/"}],"up":[{"embeddable":true,"href":"https:\/\/jubilationchoir.com\/fr\/wp-json\/wp\/v2\/pages\/1610\/"}],"wp:attachment":[{"href":"https:\/\/jubilationchoir.com\/fr\/wp-json\/wp\/v2\/media\/?parent=1689"}],"curies":[{"name":"wp","href":"https:\/\/api.w.org\/{rel}","templated":true}]}}

Levée de fonds 1991

<p>Avril</p>
<p>    * Concert bénéfice à Orangeville, Ontario pour le Trillium Montessori school, fournissant une approche alternative en éducation, avec l&#8217;emphase sur le développement de la jeunesse en tant qu&#8217;individu.</p>

<p>Avril * Concert bénéfice à Orangeville, Ontario pour le Trillium Montessori school, fournissant une approche alternative en éducation, avec l&#8217;emphase sur le développement de la jeunesse en tant qu&#8217;individu.</p>
