{"id":1693,"date":"2016-09-07T15:16:48","date_gmt":"2016-09-07T15:16:48","guid":{"rendered":"http:\/\/simple-sidewalk.flywheelsites.com\/fr\/?page_id=1693"},"modified":"2016-09-07T15:16:48","modified_gmt":"2016-09-07T15:16:48","slug":"levee-de-fonds-1992","status":"publish","type":"page","link":"https:\/\/jubilationchoir.com\/fr\/choeur\/implication-social\/levee-de-fonds-1992\/","title":{"rendered":"Lev\u00e9e de fonds 1992"},"content":{"rendered":"<p>D\u00e9cembre<\/p>\n<p>    * Gospel Celebration &#8217;92, trois performances \u00e0 l&#8217;\u00c9glise St. James United Church, avec une part des profits allant \u00e0 Jeunesse au Soleil, The Lamplighters Children&#8217;s Leukemia-Cancer Asociation et The St-James Drop-In and Homeless Centre <\/p>\n<p>F\u00e9vrier<\/p>\n<p>    * Ouverture du T\u00e9l\u00e9thon de la Paral\u00e9sie C\u00e9r\u00e9brale, Montreal<\/p>\n","protected":false},"excerpt":{"rendered":"<p>D\u00e9cembre * Gospel Celebration &#8217;92, trois performances \u00e0 l&#8217;\u00c9glise St. James United Church, avec une part des profits allant \u00e0 Jeunesse au Soleil, The Lamplighters Children&#8217;s Leukemia-Cancer Asociation et The St-James Drop-In and Homeless Centre F\u00e9vrier * Ouverture du T\u00e9l\u00e9thon de la Paral\u00e9sie C\u00e9r\u00e9brale, Montreal<\/p>\n","protected":false},"author":6,"featured_media":0,"parent":1610,"menu_order":0,"comment_status":"closed","ping_status":"closed","template":"template-page.php","meta":{"_acf_changed":false,"footnotes":""},"class_list":["post-1693","page","type-page","status-publish","hentry"],"acf":[],"_links":{"self":[{"href":"https:\/\/jubilationchoir.com\/fr\/wp-json\/wp\/v2\/pages\/1693\/"}],"collection":[{"href":"https:\/\/jubilationchoir.com\/fr\/wp-json\/wp\/v2\/pages\/"}],"about":[{"href":"https:\/\/jubilationchoir.com\/fr\/wp-json\/wp\/v2\/types\/page\/"}],"author":[{"embeddable":true,"href":"https:\/\/jubilationchoir.com\/fr\/wp-json\/wp\/v2\/users\/6\/"}],"replies":[{"embeddable":true,"href":"https:\/\/jubilationchoir.com\/fr\/wp-json\/wp\/v2\/comments\/?post=1693"}],"version-history":[{"count":0,"href":"https:\/\/jubilationchoir.com\/fr\/wp-json\/wp\/v2\/pages\/1693\/revisions\/"}],"up":[{"embeddable":true,"href":"https:\/\/jubilationchoir.com\/fr\/wp-json\/wp\/v2\/pages\/1610\/"}],"wp:attachment":[{"href":"https:\/\/jubilationchoir.com\/fr\/wp-json\/wp\/v2\/media\/?parent=1693"}],"curies":[{"name":"wp","href":"https:\/\/api.w.org\/{rel}","templated":true}]}}

Levée de fonds 1992

<p>Décembre</p>
<p>    * Gospel Celebration &#8217;92, trois performances à l&#8217;Église St. James United Church, avec une part des profits allant à Jeunesse au Soleil, The Lamplighters Children&#8217;s Leukemia-Cancer Asociation et The St-James Drop-In and Homeless Centre </p>
<p>Février</p>
<p>    * Ouverture du Téléthon de la Paralésie Cérébrale, Montreal</p>

<p>Décembre * Gospel Celebration &#8217;92, trois performances à l&#8217;Église St. James United Church, avec une part des profits allant à Jeunesse au Soleil, The Lamplighters Children&#8217;s Leukemia-Cancer Asociation et The St-James Drop-In and Homeless Centre Février * Ouverture du Téléthon de la Paralésie Cérébrale, Montreal</p>
